{"id":399,"date":"2016-03-18T22:08:39","date_gmt":"2016-03-18T22:08:39","guid":{"rendered":"http:\/\/twofold.fuelthemes.net\/?page_id=399"},"modified":"2023-02-03T13:01:45","modified_gmt":"2023-02-03T12:01:45","slug":"about-me","status":"publish","type":"page","link":"https:\/\/www.fabiopriviterafotografo.it\/index.php\/about-me\/","title":{"rendered":"About Me"},"content":{"rendered":"<h3>Sono un fotografo professionista, specializzato nella fotografia di cerimonia.<\/h3>\n<h3>Da circa quindici anni, opero nella realizzazione di servizi fotografici di matrimonio. La passione, il desiderio di raccontare e l&#8217;esperienza maturata negli anni, mi permettono di svolgere il mio lavoro con molta discrezione facendovi sentire a vostro agio.<\/h3>\n<h3>&#8220;L&#8217;essenza del piacere \u00e8 la spontaneit\u00e0&#8221;: \u00e8 questa, in sintesi, la mia filosofia attraverso la quale racconto l&#8217;intensit\u00e0 delle vostre emozioni affinch\u00e9 possiate riviverle nel tempo.<\/h3>\n<h3><strong>Lo stile fotografico che utilizzo per i miei servizi matrimoniali \u00e8 quello illustrativo \/ interpretativo ovvero l&#8217;unione tra reportage e posa. <\/strong>Ci\u00f2 mi consente di offrire una visione complessa ma allo stesso tempo delicata dell&#8217;evento.<\/h3>\n<h3>Le foto in posa sono fortemente simboliche e autentiche, con uno stile molto naturale e sono limitate ad un tempo ragionevole permettendo agli sposi di godersi la festa del loro matrimonio. Tutto ci\u00f2 \u00e8 possibile coinvolgendo gli sposi, guidandoli e incoraggiandoli a sentirsi liberi.<\/h3>\n<h3>Il mio obiettivo \u00e8 quello di raccontare l&#8217;evento non solo come accade, ma andando a scovare i piccoli dettagli, i momenti salienti per avere dei grandi ricordi del giorno del matrimonio.<\/h3>\n<h3>Nel matrimonio si incontra di tutto e saper cogliere il bello della giornata richiede sicuramente un fotografo completo.<\/h3>\n","protected":false},"excerpt":{"rendered":"<p>Sono un fotografo professionista, specializzato nella fotografia di cerimonia. Da circa quindici anni, opero nella realizzazione di servizi fotografici di matrimonio. La passione, il desiderio di raccontare e l&#8217;esperienza maturata negli anni, mi permettono di svolgere il mio lavoro con molta discrezione facendovi sentire a vostro agio. &#8220;L&#8217;essenza del piacere \u00e8 la spontaneit\u00e0&#8221;: \u00e8 questa,\u2026 <a class=\"excerpt-dot\" href=\"https:\/\/www.fabiopriviterafotografo.it\/index.php\/about-me\/\" title=\"About Me\"><svg xmlns=\"http:\/\/www.w3.org\/2000\/svg\" version=\"1.1\" x=\"0\" y=\"0\" width=\"30.2\" height=\"14.2\" viewBox=\"0 0 30.2 14.2\" enable-background=\"new 0 0 30.167 14.168\" xml:space=\"preserve\"><path d=\"M0.1 7.1c0-0.4 0.4-0.8 0.8-0.8h26.5l-5-4.9c-0.3-0.3-0.3-0.8 0-1.1 0.3-0.3 0.8-0.3 1.1 0l6.3 6.2c0.3 0.3 0.3 0.8 0 1.1l-6.3 6.2c-0.2 0.2-0.4 0.2-0.6 0.2 -0.2 0-0.4-0.1-0.6-0.2 -0.3-0.3-0.3-0.8 0-1.1l4.9-4.8H0.9C0.5 7.9 0.1 7.6 0.1 7.1z\"\/><\/svg><\/a><\/p>\n","protected":false},"author":1,"featured_media":733,"parent":0,"menu_order":0,"comment_status":"closed","ping_status":"closed","template":"template-about.php","meta":{"footnotes":""},"class_list":["post-399","page","type-page","status-publish","has-post-thumbnail","hentry"],"_links":{"self":[{"href":"https:\/\/www.fabiopriviterafotografo.it\/index.php\/wp-json\/wp\/v2\/pages\/399","targetHints":{"allow":["GET"]}}],"collection":[{"href":"https:\/\/www.fabiopriviterafotografo.it\/index.php\/wp-json\/wp\/v2\/pages"}],"about":[{"href":"https:\/\/www.fabiopriviterafotografo.it\/index.php\/wp-json\/wp\/v2\/types\/page"}],"author":[{"embeddable":true,"href":"https:\/\/www.fabiopriviterafotografo.it\/index.php\/wp-json\/wp\/v2\/users\/1"}],"replies":[{"embeddable":true,"href":"https:\/\/www.fabiopriviterafotografo.it\/index.php\/wp-json\/wp\/v2\/comments?post=399"}],"version-history":[{"count":10,"href":"https:\/\/www.fabiopriviterafotografo.it\/index.php\/wp-json\/wp\/v2\/pages\/399\/revisions"}],"predecessor-version":[{"id":2595,"href":"https:\/\/www.fabiopriviterafotografo.it\/index.php\/wp-json\/wp\/v2\/pages\/399\/revisions\/2595"}],"wp:featuredmedia":[{"embeddable":true,"href":"https:\/\/www.fabiopriviterafotografo.it\/index.php\/wp-json\/wp\/v2\/media\/733"}],"wp:attachment":[{"href":"https:\/\/www.fabiopriviterafotografo.it\/index.php\/wp-json\/wp\/v2\/media?parent=399"}],"curies":[{"name":"wp","href":"https:\/\/api.w.org\/{rel}","templated":true}]}}

<h3>Sono un fotografo professionista, specializzato nella fotografia di cerimonia.</h3>
<h3>Da circa quindici anni, opero nella realizzazione di servizi fotografici di matrimonio. La passione, il desiderio di raccontare e l&#8217;esperienza maturata negli anni, mi permettono di svolgere il mio lavoro con molta discrezione facendovi sentire a vostro agio.</h3>
<h3>&#8220;L&#8217;essenza del piacere è la spontaneità&#8221;: è questa, in sintesi, la mia filosofia attraverso la quale racconto l&#8217;intensità delle vostre emozioni affinché possiate riviverle nel tempo.</h3>
<h3><strong>Lo stile fotografico che utilizzo per i miei servizi matrimoniali è quello illustrativo / interpretativo ovvero l&#8217;unione tra reportage e posa. </strong>Ciò mi consente di offrire una visione complessa ma allo stesso tempo delicata dell&#8217;evento.</h3>
<h3>Le foto in posa sono fortemente simboliche e autentiche, con uno stile molto naturale e sono limitate ad un tempo ragionevole permettendo agli sposi di godersi la festa del loro matrimonio. Tutto ciò è possibile coinvolgendo gli sposi, guidandoli e incoraggiandoli a sentirsi liberi.</h3>
<h3>Il mio obiettivo è quello di raccontare l&#8217;evento non solo come accade, ma andando a scovare i piccoli dettagli, i momenti salienti per avere dei grandi ricordi del giorno del matrimonio.</h3>
<h3>Nel matrimonio si incontra di tutto e saper cogliere il bello della giornata richiede sicuramente un fotografo completo.</h3>

<p>Sono un fotografo professionista, specializzato nella fotografia di cerimonia. Da circa quindici anni, opero nella realizzazione di servizi fotografici di matrimonio. La passione, il desiderio di raccontare e l&#8217;esperienza maturata negli anni, mi permettono di svolgere il mio lavoro con molta discrezione facendovi sentire a vostro agio. &#8220;L&#8217;essenza del piacere è la spontaneità&#8221;: è questa,… <a class="excerpt-dot" href="https://www.fabiopriviterafotografo.it/index.php/about-me/" title="About Me"><svg xmlns="http://www.w3.org/2000/svg" version="1.1" x="0" y="0" width="30.2" height="14.2" viewBox="0 0 30.2 14.2" enable-background="new 0 0 30.167 14.168" xml:space="preserve"><path d="M0.1 7.1c0-0.4 0.4-0.8 0.8-0.8h26.5l-5-4.9c-0.3-0.3-0.3-0.8 0-1.1 0.3-0.3 0.8-0.3 1.1 0l6.3 6.2c0.3 0.3 0.3 0.8 0 1.1l-6.3 6.2c-0.2 0.2-0.4 0.2-0.6 0.2 -0.2 0-0.4-0.1-0.6-0.2 -0.3-0.3-0.3-0.8 0-1.1l4.9-4.8H0.9C0.5 7.9 0.1 7.6 0.1 7.1z"/></svg></a></p>
